s 13 divide 3346733?
True
Does 303 divide 398445?
True
Does 121 divide 1518408?
False
Does 10 divide 170840?
True
Does 7 divide 26409?
False
Is 119 a factor of 3896682?
False
Is 5 a factor of 254365?
True
Is 4325547 a multiple of 159?
False
Is 244 a factor of 122721?
False
Is 478914 a multiple of 7?
False
Is 53 a factor of 4939282?
True
Does 30 divide 17128950?
True
Does 47 divide 402832?
False
Is 18425 a multiple of 6?
False
Does 86 divide 278963?
False
Does 70 divide 507990?
True
Does 116 divide 250908?
True
Is 804 a factor of 5527500?
True
Does 103 divide 40685?
True
Is 453122 a multiple of 71?
True
Is 817 a factor of 3390550?
True
Does 8 divide 684536?
True
Is 12843303 a multiple of 120?
False
Is 4876585 a multiple of 35?
True
Is 558637 a multiple of 6?
False
Is 11566 a multiple of 314?
False
Does 153 divide 20091195?
True
Does 22 divide 81261?
False
Does 2 divide 14300?
True
Is 1332246 a multiple of 121?
False
Does 2 divide 120758?
True
Is 6 a factor of 896148?
True
Is 35 a factor of 1025815?
True
Is 10 a factor of 67770?
True
Is 2193159 a multiple of 12?
False
Does 496 divide 1032718?
False
Is 27 a factor of 524124?
True
Is 262 a factor of 2739310?
False
Is 170850 a multiple of 80?
False
Is 316 a factor of 163056?
True
Is 19 a factor of 48469?
True
Is 86 a factor of 3453502?
True
Is 69964 a multiple of 12?
False
Is 5 a factor of 3860585?
True
Is 312 a factor of 252186?
False
Is 30 a factor of 308642?
False
Is 514 a factor of 20100936?
False
Is 14 a factor of 175546?
True
Does 12 divide 1045453?
False
Does 20 divide 36880?
True
Is 99 a factor of 298782?
True
Is 22 a factor of 58537?
False
Is 985 a factor of 2845665?
True
Is 11 a factor of 489093?
True
Is 286709 a multiple of 58?
False
Is 76 a factor of 138442?
False
Is 27 a factor of 43416?
True
Is 19 a factor of 285629?
False
Is 52 a factor of 25428?
True
Is 651 a factor of 23025870?
True
Is 186660 a multiple of 306?
True
Does 34 divide 966858?
True
Is 1254 a factor of 1437084?
True
Does 34 divide 38998?
True
Is 190559 a multiple of 6?
False
Does 45 divide 33480?
True
Is 69 a factor of 2801469?
True
Is 11 a factor of 892443?
False
Is 1107 a factor of 5277069?
True
Is 1026648 a multiple of 14?
True
Does 5 divide 1353960?
True
Does 2 divide 347631?
False
Is 468 a factor of 617292?
True
Does 106 divide 1362277?
False
Is 3831524 a multiple of 210?
False
Is 860336 a multiple of 13?
False
Does 19 divide 472499?
False
Is 656367 a multiple of 8?
False
Is 225 a factor of 15878709?
False
Is 157200 a multiple of 16?
True
Is 1502975 a multiple of 288?
False
Does 74 divide 1820252?
True
Is 62 a factor of 183603?
False
Is 13507 a multiple of 3?
False
Is 144 a factor of 96464?
False
Does 657 divide 616156?
False
Does 12 divide 20046235?
False
Is 44 a factor of 149426?
False
Is 12 a factor of 1536843?
False
Is 5356011 a multiple of 483?
False
Is 80 a factor of 1555600?
True
Is 85 a factor of 149545?
False
Does 156 divide 277680?
True
Is 18735964 a multiple of 26?
True
Is 1568190 a multiple of 15?
True
Is 127224 a multiple of 55?
False
Does 12 divide 110268?
True
Is 8584 a multiple of 83?
False
Is 13 a factor of 204724?
True
Is 19854 a multiple of 140?
False
Is 4 a factor of 74776?
True
Does 62 divide 4514530?
True
Does 6 divide 41448?
True
Does 8 divide 57370?
False
Is 271 a factor of 136768?
False
Does 673 divide 5439037?
False
Is 306 a factor of 351900?
True
Is 105 a factor of 1279509?
False
Is 114814 a multiple of 15?
False
Does 635 divide 2588895?
True
Is 358 a factor of 723020?
False
Is 39 a factor of 1149681?
True
Is 71405 a multiple of 20?
False
Is 39 a factor of 178581?
True
Is 17 a factor of 18868096?
True
Does 217 divide 14379392?
False
Is 111578 a multiple of 7?
False
Is 16375245 a multiple of 15?
True
Is 25 a factor of 80623?
False
Is 31244409 a multiple of 1105?
False
Is 8 a factor of 3779206?
False
Does 50 divide 3599400?
True
Is 47238 a multiple of 859?
False
Is 327418 a multiple of 98?
True
Does 235 divide 11449670?
True
Is 177 a factor of 1287852?
True
Is 53712 a multiple of 36?
True
Does 148 divide 4479960?
True
Is 153625 a multiple of 320?
False
Is 12897594 a multiple of 18?
True
Is 249 a factor of 9570408?
False
Does 18 divide 1544004?
True
Does 13 divide 37718?
False
Is 207 a factor of 387504?
True
Is 170 a factor of 2372564?
False
Does 4 divide 112094?
False
Does 112 divide 47106?
False
Does 300 divide 3531600?
True
Is 63 a factor of 1366911?
True
Is 151190 a multiple of 10?
True
Does 36 divide 994390?
False
Is 20478 a multiple of 3?
True
Does 11 divide 61171?
True
Is 1944235 a multiple of 647?
True
Is 288 a factor of 5184?
True
Does 327 divide 2136291?
True
Is 769850 a multiple of 445?
True
Is 18089738 a multiple of 103?
False
Does 62 divide 2332750?
True
Is 177831 a multiple of 79?
False
Is 383 a factor of 9359877?
False
Is 18 a factor of 22856724?
True
Does 10 divide 74950?
True
Is 664680 a multiple of 191?
True
Is 627146 a multiple of 72?
False
Is 8469648 a multiple of 396?
True
Is 168236 a multiple of 3?
False
Does 1351 divide 5752558?
True
Is 1507060 a multiple of 27?
False
Is 83417 a multiple of 22?
False
Is 14 a factor of 601770?
False
Is 595 a factor of 12242125?
True
Does 167 divide 3632617?
False
Is 854059 a multiple of 216?
False
Is 15633 a multiple of 102?
False
Does 13 divide 669120?
False
Is 43 a factor of 193528?
False
Does 87 divide 5098411?
False
Is 58396 a multiple of 26?
True
Is 147071 a multiple of 117?
False
Does 168 divide 42504?
True
Is 1142064 a multiple of 148?
False
Does 860 divide 3597380?
True
Is 101 a factor of 3861945?
False
Does 91 divide 76804?
True
Does 10 divide 1044400?
True
Is 512279 a multiple of 23?
True
Is 1727232 a multiple of 1248?
True
Is 501792 a multiple of 24?
True
Is 201 a factor of 609834?
True
Is 1796210 a multiple of 13?
True
Does 9 divide 100863?
True
Does 9 divide 2817?
True
Is 15753 a multiple of 7?
False
Is 304200 a multiple of 94?
False
Is 4 a factor of 241449?
False
Is 13570650 a multiple of 159?
True
Does 11 divide 1818322?
True
Is 77 a factor of 192885?
True
Does 66 divide 272580?
True
Is 9789170 a multiple of 10?
True
Does 133 divide 11545464?
True
Is 22 a factor of 133309?
False
Does 520 divide 138320?
True
Is 39 a factor of 88062?
True
Is 358091 a multiple of 433?
True
Is 131 a factor of 427009?
False
Is 75 a factor of 310800?
True
Is 3947850 a multiple of 186?
True
Is 13 a factor of 146653?
True
Does 3 divide 57533?
False
Does 2 divide 59032?
True
Is 341 a factor of 4694514?
False
Is 150390 a multiple of 27?
True
Is 557 a factor of 26207407?
True
Does 28 divide 2792190?
False
Does 1214 divide 21907345?
False
Is 370448 a multiple of 16?
True
Does 2 divide 393175?
False
Does 37 divide 1058459?
True
Does 21 divide 81537?
False
Does 531 divide 377126?
False
Is 2268881 a multiple of 3?
False
Does 30 divide 596520?
True
Is 83 a factor of 19619?
False
Is 62 a factor of 1481366?
True
Does 32 divide 129536?
True
Is 18589500 a multiple of 34?
True
Does 39 divide 285753?
True
Is 6 a factor of 158274?
True
Does 846 divide 1824822?
True
Does 20 divide 99800?
True
Does 99 divide 176145?
False
Does 15 divide 1718805?
True
Is 9 a factor of 1068325?
False
Is 5863305 a multiple of 181?
False
Is 2391962 a multiple of 19?
False
Is 607049 a multiple of 16?
False
Is 4 a factor of 123011?
False
Is 114 a factor of 5051640?
False
Is 136 a factor of 217464?
True
Is 111 a factor of 866910?
True
Is 151 a factor of 2376136?
True
Is 52 a factor of 433098?
False
Is 185577 a multiple of 263?
False
Does 39 divide 91334?
False
Is 20840 a multiple of 8?
True
Is 417148 a multiple of 10?
False
Is 23 a factor of 2754020?
True
Is 10300923 a multiple of 659?
False
Does 58 divide 226143?
False
Is 82 a factor of 62728?
False
Is 12 a factor of 1853822?
False
Is 15 a factor of 12726727?
False
Is 3 a factor of 45569?
False
Is 405569 a multiple of 8?
False
Does 11 divide 610426?
False
Is 8 a factor of 2176065?
False
Does 92 divide 2388198?
False
Does 13 divide 62065?
False
Does 241 divide 559859?
False
Is 13390274 a multiple of 64?
False
Does 55 divide 1284085?
True
Does 454 divide 34360?
False
Is 855885 a multiple of 59?
False
Is 45 a factor of 4677885?
True
Is 1592183 a multiple of 306?
False
Does 51 divide 1542651?
False
Does 1227 divide 3910377?
False
Does 